g). What is t(-3)?
-5
Let p(s) = -10*s**3 - 16*s**2 - 4*s + 7. Let x(r) = -3*r**3 - 5*r**2 - r + 2. Let a(h) = 2*p(h) - 7*x(h). Determine a(-3).
3
Let a(j) = 7*j**2 + 5*j. Let s(x) be the second derivative of -7*x**4/4 - 7*x**3/3 + 6*x. Let i(r) = 11*a(r) + 4*s(r). Give i(1).
-8
Let b(j) = -2*j**3 - 6*j**2 - j - 4. Let c(v) = v**3 + v**2 - v. Let t(d) = b(d) + 3*c(d). Determine t(4).
-4
Let t(b) = -b**2 - 7*b. Suppose 3*w = 4*n + 29, 11 = -n + 4*w + 7. What is t(n)?
-8
Let z(k) be the second derivative of 2/3*k**3 - k + 1/12*k**4 + 0 + k**2. What is z(-5)?
7
Let z(d) = -d - 1. Let o(c) = -2*c - 2. Let v(y) = 3*o(y) - 7*z(y). Let f = 3 + 0. Let t(m) = m**2 - 3*m. Let p be t(f). Calculate v(p).
1
Let r(s) be the first derivative of 4 + 2*s + 1/2*s**2. What is r(-3)?
-1
Let r be 46/(-10) + 10/(-25). Let y(g) = 2*g**2 - 7*g - 4. Let t(o) = o**2 - 6*o - 3. Let j(z) = -3*t(z) + 2*y(z). What is j(r)?
6
Let l(a) be the third derivative of -11*a**4/24 - a**3/6 - a**2. Let r be (1330/56)/(-19) - 2/(-8). Determine l(r).
10
Let q = 14 - 26. Let t be 4/(-3)*q/8. Let s(p) = -4*p**2 + 0*p**2 + p + 2*p**t - 4*p**3. Calculate s(1).
-5
Let t be 0 + (-3 - 0) - -5. Let k(h) = -h**2 + 4*h - 2. Let f be k(t). Let x be (-2 - -1)/((-1)/f). Let u(y) = y**2 - 3*y - 1. Give u(x).
-3
Let j(a) = -5*a**2 - 8*a - 2. Let k(p) = 3*p**2 + 5*p + 1. Let y(w) = -5*j(w) - 8*k(w). What is y(0)?
2
Let f(d) = 4*d**3 - 3*d**2 + 2*d + 2. Let g(l) = -3*l**3 + 3*l**2 - l - 2. Let j(u) = 2*f(u) + 3*g(u). What is j(-2)?
16
Let o(n) = n + 5. Let f(b) = -5*b**3 - 2*b**2 - b. Let x be f(-1). Let l be (6/(-4))/(1/x). Give o(l).
-1
Let p(v) be the first derivative of 7*v**2/2 - 11*v + 6. Let k(t) = 12 - 6*t - 1 - 1. Let a(g) = -6*k(g) - 5*p(g). What is a(4)?
-1
Let z(p) be the first derivative of -p**2/2 - 9*p - 4. Give z(-7).
-2
Let l be (-8 - -7)/(2/(-6)). Suppose 3*g = v + 11, 2*g + 3*v + 15 = 4. Let y(p) = -6*p - g*p - l + 9*p. Calculate y(-5).
-8
Let s(r) = r**3 - 4*r**2 + 11*r**2 + 0*r**2 + 9 + 7*r. Let z(o) = o**3 + 7*o**2 - 6*o + 10. Let j be z(-8). Calculate s(j).
3
Let n(d) = d**2 - 5*d - 2. Suppose -x + 8 = x. Calculate n(x).
-6
Let l(s) = -2*s**2 - 6*s + 9. Let g(p) = p**2 - 1. Let x(y) = 3*g(y) + l(y). Suppose 7*r = 6*r + m + 1, -3*r = -5*m + 5. Determine x(r).
1
Let g(h) be the second derivative of h**5/10 + h**4/6 - h**2/2 - 2*h. Give g(-1).
-1
Let l(x) be the second derivative of -x**5/20 - x**4/2 - x**3 + x**2/2 - x. Let r(n) = -2*n + 7. Let y be r(6). Determine l(y).
6
Let w(x) = 3*x + 1 + 7 - 10 - 2*x. Determine w(-4).
-6
Let s(t) = -3*t - 4. Let i(n) = -7*n - 9. Let v(m) = 4*i(m) - 9*s(m). Calculate v(-7).
7
Suppose -u - u = -6. Let z(l) = 2*l**2 - 15*l - 9. Let b(f) = -f**2 + 7*f + 4. Let m(d) = 7*b(d) + 3*z(d). Give m(u).
4
Let o(l) = -3 - 5*l - l**2 + 0*l - l. Let c be -2 - (-8 + -1 - -2). Suppose -3*q - a + 12 = 32, 4*q + 45 = -c*a. Calculate o(q).
2
Let i(x) = -x**2 + 7*x - 4. Suppose -12 = -2*m - 4. Determine i(m).
8
Let r(k) = -1 - k - k**3 + 5*k**2 + 0*k + 4 + 0. Let v = 5 + 0. What is r(v)?
-2
Let z = -2 - 2. Let v be 3/(((-3)/2)/(-1)). Let p(r) = -r - v*r**3 - 2 + 4*r**2 + 0*r**3 + 3*r**3. Determine p(z).
2
Let t(f) = f**3 - f**2 + f + 7. Let j(g) = g + 20. Let c be j(-20). Give t(c).
7
Let a(h) = h + 1. Let j(s) = -s + 10. Let t(q) = -2*a(q) - j(q). What is t(-5)?
-7
Let d = -20 - -15. Let h(c) = c**2 + 4*c - 2. Calculate h(d).
3
Let i = -15 + 15. Let d(f) be the third derivative of 0*f + 1/60*f**5 + 3*f**2 - 5/24*f**4 + 1/3*f**3 + i. Give d(5).
2
Let f(c) = -5*c. Let s(w) = 9*w - 1. Let d(t) = 7*f(t) + 4*s(t). Calculate d(4).
0
Let r be -2 - (12/8 - 2/4). Let z(a) = a**2 + 4*a + 1. Calculate z(r).
-2
Let l(n) = -3*n**2 - 12 + 4*n + 15 + 4*n**2. Calculate l(-4).
3
Let h(r) = r + 0*r + 1 + 2. Let g = 19 + -15. Suppose 0 = g*m + z + 18, 0*z = 2*m + 5*z. Give h(m).
-2
Let l(m) = 2*m - 7. Let t(b) = b - 3. Let n(q) = -2*l(q) + 5*t(q). Let o be (-5)/(-4) + (-1)/4. Give n(o).
0
Let r(g) = -8*g**2 - 20*g - 4. Let f(m) = -2*m**2 - 5*m - 1. Let p(x) = 9*f(x) - 2*r(x). Calculate p(-4).
-13
Let g(l) = -4*l**3 + l**2. Let k be g(-1). Let t(a) = -2*a + 3. Determine t(k).
-7
Suppose 3*w + 12 = w. Let h(a) = -a + 5. What is h(w)?
11
Let w(l) = 6*l + 1. Let q(o) = o. Let n(u) = 3*q(u) + w(u). Let f = -2 - -10. Suppose -4*k + 4 = f. Give n(k).
-8
Suppose 0 = 5*b - 2*b. Let o(g) = -g + b + 0 + g**3 + 2*g**2 + 3. Give o(-3).
-3
Suppose 0*h + 22 = -h + 5*x, 20 = 5*x. Let c(a) = -3*a + 6. Let j(v) = 2*v - 5. Let m(q) = -5*c(q) - 6*j(q). Determine m(h).
-6
Let s(f) = 6*f - f - 6*f - 11 + 0*f. Let o = 7 + -13. Give s(o).
-5
Let m = -1 + -5. Let i(n) = -n - 6. Determine i(m).
0
Let n = 54 + -215/4. Let r(a) be the second derivative of 2/3*a**3 + 0 - 2*a + 1/20*a**5 - a**2 - n*a**4. Calculate r(2).
2
Let f(a) = -a**2 - 6*a + 8. Suppose 29 = 3*b - 10. Let j = 7 - b. Calculate f(j).
8
Let g(n) be the second derivative of -n**3/2 - n**2 - 8*n. Give g(3).
-11
Let r(d) be the first derivative of 3*d**2/2 + 4*d - 9. Give r(-7).
-17
Let a(k) = k**3 + 5*k**2 + 2*k - 4. Let w(r) = -r**3 - 3*r**2 - r + 1. Let l be w(-2). Let c = -2 + l. What is a(c)?
8
Let w(d) = 3*d**3 - 6*d**2 + 4*d - 3. Let o(g) = 7*g**3 - 13*g**2 + 9*g - 6. Let h(p) = 2*o(p) - 5*w(p). Calculate h(4).
-5
Let q(j) = -j**2 - 6*j - 5. Suppose -5*f - 4*h = 5, -f = 2*f - 5*h + 40. Determine q(f).
0
Let d(j) = j**2 + 2*j - 3. Let r(k) = -2*k + 2. Let n = -12 - -7. Let m be r(n). Suppose 4*c = -4 - m. What is d(c)?
5
Let r(o) = -o**3 - 13*o**2 + 13*o - 12. Let j be r(-14). Let b(z) = -j*z + 0 + 11*z**3 + 7*z**3 - 1 - z**3. What is b(-1)?
-16
Suppose -2*l = -5*d + 23, 3 = -4*l + 4*d - 25. Let n(r) = -r**3 - 4*r**2 - 2*r - 6. Calculate n(l).
2
Suppose -9 = -3*o + 3. Suppose 0 = -2*y + o - 0. Let g(m) = -2*m + 3. Give g(y).
-1
Let l be 24/(-9) + 2/3. Let w(k) = 3*k - 1. What is w(l)?
-7
Let c(r) = r**3 - 5*r**2 - 5*r + 3. Let v be 18*((-12)/(-8) + -1). Let x(d) = 2*d - 12. Let m be x(v). Determine c(m).
9
Let m(j) be the third derivative of j**5/60 + j**4/6 + 2*j**3/3 + 3*j**2. Let f be m(-2). Let l(d) = -d**2 - d + 10. Calculate l(f).
10
Suppose -v + 2 = -0*v. Let c(s) = -s - 1. Let l(o) = 2*o**2 + 4*o + 5. Let w(b) = 5*c(b) + l(b). Give w(v).
6
Let t(r) = 1 + 2*r + 3 - 3*r + 4. Let g(k) = -k**2 + 5*k + 1. Let q be g(4). What is t(q)?
3
Suppose 0 = s + 4*a + 7, 3*s + 4*a + 0 = 11. Suppose s*y - 4*y + 20 = 0. Let l be 1 - 2/y*2. Let v(q) = q**3 - 3*q**2 + 2*q. Give v(l).
0
Let q = -5 - -7. Suppose -q*v + 16 = 2*v. Let b(x) = -x**2 + 5*x - 3. What is b(v)?
1
Let y be (0 + -12)*16/(-32). Let s(o) = -2*o - 1. Give s(y).
-13
Let f(g) = -g - 1. Let p(d) = 2. Let q(j) = 3*f(j) + 2*p(j). Let m be 1 + (-1)/(-1) - -2. Give q(m).
-11
Let y = 4 + -2. Let c(w) = -w + 8 + y*w - 3*w. Give c(6).
-4
Let c be (-3 - 3)/(1*-2). Let q(d) = -6*d + 4 + d - c + d. Let k be ((-2)/(-5))/(1/(-5)). Calculate q(k).
9
Let c(t) = t**3 + 6*t**2 + 6*t + 2. Let m(d) = 6*d + 1. Let w be m(-1). Calculate c(w).
-3
Let h = 1 - 1. Let l(x) = 7*x**2 + x - 1. Let o(j) = -j**2 + 1. Let i(z) = l(z) + 6*o(z). What is i(h)?
5
Let a(p) = p**2 - 8*p + 4. Suppose -5*z + 32 = -z. Calculate a(z).
4
Suppose 5*o - 3*o = 12. Suppose -4*c + c + o = 0. Let u(n) = 4 - 1 + n**2 - n + 0*n - c*n**2 + n**3. What is u(0)?
3
Suppose 0 = -2*c - 4*t - 9 - 11, -5*c - 3*t = 29. Suppose 0 = -4*y + 4*u - 8, -3*u + 46 = 5*y + 16. Let k(o) = -3 - 4 - y*o + 2. What is k(c)?
7
Let p(l) be the first derivative of -4*l**3/3 + l - 19. What is p(1)?
-3
Let x(a) = a + 11. Let b be x(-5). Let v(n) = -b*n - 6 + 7 + n + n**2. Let y(d) = d**2 + d - 1. Let q be y(-3). What is v(q)?
1
Let h(c) = 4*c**3 - 7*c**2 + 3*c + 5. Let o(b) = -3*b**3 + 6*b**2 - 2*b - 4. Let w(i) = -4*h(i) - 5*o(i). Determine w(-3).
15
Let a(t) be the second derivative of -t**4/12 + t**3/6 + t**2 - t. Suppose 11 = -3*y - 31. Let l be y/(-4) + (-3)/6. Determine a(l).
-4
Let x(o) = o**2 - 11. Let d = -10 + -14. Let r = 24 + d. Give x(r).
-11
Let z(y) = 0*y + y + 2*y**2 - 3*y**2 + 5. Let g(f) = 2*f + 2. Let h be g(5). Suppose 3*c + 0 - h = 0. Give z(c).
-7
Let n(k) = -k**3 - 4*k**2 - 3*k - 2. Let d = 31 + -33. Determine n(d).
-4
Let g(p) = -p**3 + 2*p**2 + 3*p - 3. Let v = 73 - 51. Suppose r + 4*c = v, 8*c - 3*c - 27 = -r. Determine g(r).
3
Sup